{"id":13993,"date":"2024-09-11T14:48:26","date_gmt":"2024-09-11T19:48:26","guid":{"rendered":"https:\/\/latinxtalktherapy.com\/marlen-granados-becaria\/"},"modified":"2025-03-03T16:29:07","modified_gmt":"2025-03-03T22:29:07","slug":"marlen-granados-becaria","status":"publish","type":"page","link":"https:\/\/latinxtalktherapy.com\/es\/marlen-granados-becaria\/","title":{"rendered":"Marlen Granados, Becaria"},"content":{"rendered":"\t\t<div data-elementor-type=\"wp-page\" data-elementor-id=\"13993\" class=\"elementor elementor-13993\" data-elementor-post-type=\"page\">\n\t\t\t\t\t\t<section class=\"elementor-section elementor-top-section elementor-element elementor-element-b0defaf elementor-section-stretched elementor-section-full_width elementor-section-height-default elementor-section-height-default\" data-id=\"b0defaf\" data-element_type=\"section\" data-e-type=\"section\" data-settings=\"{&quot;stretch_section&quot;:&quot;section-stretched&quot;,&quot;background_background&quot;:&quot;classic&quot;}\">\n\t\t\t\t\t\t<div class=\"elementor-container elementor-column-gap-no\">\n\t\t\t\t\t<div class=\"elementor-column elementor-col-100 elementor-top-column elementor-element elementor-element-5d175c7\" data-id=\"5d175c7\" data-element_type=\"column\" data-e-type=\"column\" data-settings=\"{&quot;background_background&quot;:&quot;classic&quot;}\">\n\t\t\t<div class=\"elementor-widget-wrap\">\n\t\t\t\t\t\t\t<\/div>\n\t\t<\/div>\n\t\t\t\t\t<\/div>\n\t\t<\/section>\n\t\t\t\t<section class=\"elementor-section elementor-top-section elementor-element elementor-element-58ee682 elementor-section-boxed elementor-section-height-default elementor-section-height-default\" data-id=\"58ee682\" data-element_type=\"section\" data-e-type=\"section\">\n\t\t\t\t\t\t<div class=\"elementor-container elementor-column-gap-default\">\n\t\t\t\t\t<div class=\"elementor-column elementor-col-100 elementor-top-column elementor-element elementor-element-23508ed\" data-id=\"23508ed\" data-element_type=\"column\" data-e-type=\"column\">\n\t\t\t<div class=\"elementor-widget-wrap elementor-element-populated\">\n\t\t\t\t\t\t<div class=\"elementor-element elementor-element-41ba507 elementor-widget elementor-widget-heading\" data-id=\"41ba507\" data-element_type=\"widget\" data-e-type=\"widget\" data-widget_type=\"heading.default\">\n\t\t\t\t<div class=\"elementor-widget-container\">\n\t\t\t\t\t<h1 class=\"elementor-heading-title elementor-size-default\">Apoyo a la Comunidad Latinx a trav\u00e9s de una Atenci\u00f3n de Salud Mental Culturalmente Informada\n<\/h1>\t\t\t\t<\/div>\n\t\t\t\t<\/div>\n\t\t\t\t<div class=\"elementor-element elementor-element-57bf3a6 elementor-widget elementor-widget-heading\" data-id=\"57bf3a6\" data-element_type=\"widget\" data-e-type=\"widget\" data-widget_type=\"heading.default\">\n\t\t\t\t<div class=\"elementor-widget-container\">\n\t\t\t\t\t<h2 class=\"elementor-heading-title elementor-size-default\">Inf\u00f3rmate sobre m\u00ed y c\u00f3mo puedo ayudarte\n<\/h2>\t\t\t\t<\/div>\n\t\t\t\t<\/div>\n\t\t\t\t\t<\/div>\n\t\t<\/div>\n\t\t\t\t\t<\/div>\n\t\t<\/section>\n\t\t\t\t<section class=\"elementor-section elementor-top-section elementor-element elementor-element-0486c0d elementor-section-boxed elementor-section-height-default elementor-section-height-default\" data-id=\"0486c0d\" data-element_type=\"section\" data-e-type=\"section\" data-settings=\"{&quot;background_background&quot;:&quot;classic&quot;}\">\n\t\t\t\t\t\t<div class=\"elementor-container elementor-column-gap-default\">\n\t\t\t\t\t<div class=\"elementor-column elementor-col-100 elementor-top-column elementor-element elementor-element-3e196d66\" data-id=\"3e196d66\" data-element_type=\"column\" data-e-type=\"column\" data-settings=\"{&quot;background_background&quot;:&quot;classic&quot;}\">\n\t\t\t<div class=\"elementor-widget-wrap elementor-element-populated\">\n\t\t\t\t\t\t<div class=\"elementor-element elementor-element-55dd97d7 elementor-widget elementor-widget-image\" data-id=\"55dd97d7\" data-element_type=\"widget\" data-e-type=\"widget\" data-widget_type=\"image.default\">\n\t\t\t\t<div class=\"elementor-widget-container\">\n\t\t\t\t\t\t\t\t\t\t\t\t\t\t\t<img fetchpriority=\"high\" decoding=\"async\" width=\"800\" height=\"800\" src=\"https:\/\/latinxtalktherapy.com\/wp-content\/uploads\/Marlen-Granados-1.jpg\" class=\"attachment-full size-full wp-image-13901\" alt=\"\" srcset=\"https:\/\/latinxtalktherapy.com\/wp-content\/uploads\/Marlen-Granados-1.jpg 800w, https:\/\/latinxtalktherapy.com\/wp-content\/uploads\/Marlen-Granados-1-300x300.jpg 300w, https:\/\/latinxtalktherapy.com\/wp-content\/uploads\/Marlen-Granados-1-150x150.jpg 150w, https:\/\/latinxtalktherapy.com\/wp-content\/uploads\/Marlen-Granados-1-768x768.jpg 768w, https:\/\/latinxtalktherapy.com\/wp-content\/uploads\/Marlen-Granados-1-12x12.jpg 12w\" sizes=\"(max-width: 800px) 100vw, 800px\" \/>\t\t\t\t\t\t\t\t\t\t\t\t\t\t\t<\/div>\n\t\t\t\t<\/div>\n\t\t\t\t<div class=\"elementor-element elementor-element-256cd4a8 elementor-widget elementor-widget-heading\" data-id=\"256cd4a8\" data-element_type=\"widget\" data-e-type=\"widget\" data-widget_type=\"heading.default\">\n\t\t\t\t<div class=\"elementor-widget-container\">\n\t\t\t\t\t<h2 class=\"elementor-heading-title elementor-size-default\">Marlen Granados, Becaria<\/h2>\t\t\t\t<\/div>\n\t\t\t\t<\/div>\n\t\t\t\t<div class=\"elementor-element elementor-element-7fcfc74 elementor-widget elementor-widget-heading\" data-id=\"7fcfc74\" data-element_type=\"widget\" data-e-type=\"widget\" data-widget_type=\"heading.default\">\n\t\t\t\t<div class=\"elementor-widget-container\">\n\t\t\t\t\t<h2 class=\"elementor-heading-title elementor-size-default\">Psicoterapeuta biling\u00fce<\/h2>\t\t\t\t<\/div>\n\t\t\t\t<\/div>\n\t\t\t\t<div class=\"elementor-element elementor-element-1d0b51ee elementor-widget elementor-widget-text-editor\" data-id=\"1d0b51ee\" data-element_type=\"widget\" data-e-type=\"widget\" data-widget_type=\"text-editor.default\">\n\t\t\t\t<div class=\"elementor-widget-container\">\n\t\t\t\t\t\t\t\t\t<p>\u00a1Hola! Me llamo Marlen Granados (ella\/ella\/ella), y soy psicoterapeuta biling\u00fce en Latinx Talk Therapy. Mi enfoque de la terapia est\u00e1 centrado en la persona, lo que significa que me centro en cuidarte como individuo, utilizando la empat\u00eda, la consideraci\u00f3n positiva incondicional y la congruencia para fomentar el crecimiento personal. Tambi\u00e9n incorporo la Terapia Cognitivo-Conductual (TCC) para ayudar a replantear los pensamientos, las emociones y los comportamientos desde una perspectiva m\u00e1s positiva. Mi objetivo es crear un espacio en el que te sientas seguro, comprendido y capacitado para afrontar los retos de la vida.<br>No tienes por qu\u00e9 enfrentarte solo a las luchas de la vida. Mi experiencia profesional incluye el trabajo con clientes en atenci\u00f3n residencial de salud mental, donde he apoyado el crecimiento emocional, social e individualizado mediante intervenciones cl\u00ednicas y el establecimiento de objetivos. Tanto si te enfrentas a la depresi\u00f3n, la ansiedad, el trauma o los retos de la aculturaci\u00f3n, estoy aqu\u00ed para ayudarte a encontrar el equilibrio y la curaci\u00f3n. Juntos, trabajaremos a trav\u00e9s de estas experiencias, centr\u00e1ndonos en el crecimiento y el bienestar.       <\/p>\t\t\t\t\t\t\t\t<\/div>\n\t\t\t\t<\/div>\n\t\t\t\t\t<\/div>\n\t\t<\/div>\n\t\t\t\t\t<\/div>\n\t\t<\/section>\n\t\t\t\t<section class=\"elementor-section elementor-top-section elementor-element elementor-element-098997b elementor-section-boxed elementor-section-height-default elementor-section-height-default\" data-id=\"098997b\" data-element_type=\"section\" data-e-type=\"section\">\n\t\t\t\t\t\t<div class=\"elementor-container elementor-column-gap-default\">\n\t\t\t\t\t<div class=\"elementor-column elementor-col-100 elementor-top-column elementor-element elementor-element-3e2f428\" data-id=\"3e2f428\" data-element_type=\"column\" data-e-type=\"column\">\n\t\t\t<div class=\"elementor-widget-wrap elementor-element-populated\">\n\t\t\t\t\t\t<div class=\"elementor-element elementor-element-9709189 elementor-align-center elementor-mobile-align-start animated-slow elementor-icon-list--layout-traditional elementor-list-item-link-full_width elementor-invisible elementor-widget elementor-widget-icon-list\" data-id=\"9709189\" data-element_type=\"widget\" data-e-type=\"widget\" data-settings=\"{&quot;_animation&quot;:&quot;fadeInLeft&quot;}\" data-widget_type=\"icon-list.default\">\n\t\t\t\t<div class=\"elementor-widget-container\">\n\t\t\t\t\t\t\t<ul class=\"elementor-icon-list-items\">\n\t\t\t\t\t\t\t<li class=\"elementor-icon-list-item\">\n\t\t\t\t\t\t\t\t\t\t\t<span class=\"elementor-icon-list-icon\">\n\t\t\t\t\t\t\t<i aria-hidden=\"true\" class=\"fas fa-check\"><\/i>\t\t\t\t\t\t<\/span>\n\t\t\t\t\t\t\t\t\t\t<span class=\"elementor-icon-list-text\">Me re\u00fano con los clientes <span style=\"color: #9b7c8c\"><strong>en persona<\/strong><\/span> y <span style=\"color: #9b7c8c\"><strong>virtualmente<\/strong><\/span>.<\/span>\n\t\t\t\t\t\t\t\t\t<\/li>\n\t\t\t\t\t\t<\/ul>\n\t\t\t\t\t\t<\/div>\n\t\t\t\t<\/div>\n\t\t\t\t<div class=\"elementor-element elementor-element-513c701 elementor-widget elementor-widget-heading\" data-id=\"513c701\" data-element_type=\"widget\" data-e-type=\"widget\" data-widget_type=\"heading.default\">\n\t\t\t\t<div class=\"elementor-widget-container\">\n\t\t\t\t\t<h2 class=\"elementor-heading-title elementor-size-default\">No tienes que afrontar tus luchas solo, estoy aqu\u00ed para ayudarte\n<\/h2>\t\t\t\t<\/div>\n\t\t\t\t<\/div>\n\t\t\t\t<div class=\"elementor-element elementor-element-c14a92b elementor-widget elementor-widget-text-editor\" data-id=\"c14a92b\" data-element_type=\"widget\" data-e-type=\"widget\" data-widget_type=\"text-editor.default\">\n\t\t\t\t<div class=\"elementor-widget-container\">\n\t\t\t\t\t\t\t\t\t<p>Al crecer en el South Side de Chicago como latina mexicoamericana de primera generaci\u00f3n, aprend\u00ed resiliencia de mi familia y mi comunidad. Llevo esa fortaleza a nuestras sesiones, ofreci\u00e9ndote un espacio en el que puedas explorar tus emociones, experiencias y objetivos en un entorno de apoyo y empoderamiento. Tanto si te sientes abrumado por el estr\u00e9s como si tienes problemas de salud mental, estoy aqu\u00ed para guiarte en tu viaje hacia la curaci\u00f3n.  <\/p>\t\t\t\t\t\t\t\t<\/div>\n\t\t\t\t<\/div>\n\t\t\t\t<div class=\"elementor-element elementor-element-e602d1f elementor-widget elementor-widget-heading\" data-id=\"e602d1f\" data-element_type=\"widget\" data-e-type=\"widget\" data-widget_type=\"heading.default\">\n\t\t\t\t<div class=\"elementor-widget-container\">\n\t\t\t\t\t<h2 class=\"elementor-heading-title elementor-size-default\">Conoce un poco m\u00e1s sobre m\u00ed<\/h2>\t\t\t\t<\/div>\n\t\t\t\t<\/div>\n\t\t\t\t<div class=\"elementor-element elementor-element-5c57a66 elementor-widget elementor-widget-text-editor\" data-id=\"5c57a66\" data-element_type=\"widget\" data-e-type=\"widget\" data-widget_type=\"text-editor.default\">\n\t\t\t\t<div class=\"elementor-widget-container\">\n\t\t\t\t\t\t\t\t\t<p>Me cri\u00e9 en Brighton Park y siempre he sentido curiosidad por c\u00f3mo el mundo que nos rodea moldea nuestro desarrollo emocional y social. Creo que todos procedemos de distintos \u00e1mbitos de la vida, y mi objetivo como terapeuta es crear un espacio que te resulte seguro y fortalecedor. Fuera de mi trabajo, me apasionan las alegr\u00edas sencillas de la vida: la naturaleza, la m\u00fasica y la buena comida. Aporto mi personalidad aventurera, ingeniosa y habladora a las sesiones, creando un entorno abierto y atractivo.   <\/p>\t\t\t\t\t\t\t\t<\/div>\n\t\t\t\t<\/div>\n\t\t\t\t<div class=\"elementor-element elementor-element-bfc11be elementor-widget elementor-widget-heading\" data-id=\"bfc11be\" data-element_type=\"widget\" data-e-type=\"widget\" data-widget_type=\"heading.default\">\n\t\t\t\t<div class=\"elementor-widget-container\">\n\t\t\t\t\t<h2 class=\"elementor-heading-title elementor-size-default\">Mis especialidades<\/h2>\t\t\t\t<\/div>\n\t\t\t\t<\/div>\n\t\t\t\t<div class=\"elementor-element elementor-element-edf0638 elementor-widget elementor-widget-text-editor\" data-id=\"edf0638\" data-element_type=\"widget\" data-e-type=\"widget\" data-widget_type=\"text-editor.default\">\n\t\t\t\t<div class=\"elementor-widget-container\">\n\t\t\t\t\t\t\t\t\t<p>Me especializo en trabajar con la poblaci\u00f3n latina, centr\u00e1ndome en problemas de aculturaci\u00f3n, adaptaci\u00f3n familiar y profesional, problemas de apego y trauma. Tambi\u00e9n ofrezco tratamiento para la depresi\u00f3n, la ansiedad, el estr\u00e9s, el equilibrio entre la vida laboral y personal, y las relaciones. <\/p>\t\t\t\t\t\t\t\t<\/div>\n\t\t\t\t<\/div>\n\t\t\t\t\t<\/div>\n\t\t<\/div>\n\t\t\t\t\t<\/div>\n\t\t<\/section>\n\t\t\t\t<\/div>\n\t\t","protected":false},"excerpt":{"rendered":"<p>Apoyo a la Comunidad Latinx a trav\u00e9s de una Atenci\u00f3n de Salud Mental Culturalmente Informada Inf\u00f3rmate sobre m\u00ed y c\u00f3mo puedo ayudarte Marlen Granados, Becaria Psicoterapeuta biling\u00fce \u00a1Hola! Me llamo Marlen Granados (ella\/ella\/ella), y soy psicoterapeuta biling\u00fce en Latinx Talk Therapy. Mi enfoque de la terapia est\u00e1 centrado en la persona, lo que significa que [&hellip;]<\/p>\n","protected":false},"author":3,"featured_media":0,"parent":0,"menu_order":0,"comment_status":"closed","ping_status":"closed","template":"","meta":{"footnotes":""},"class_list":["post-13993","page","type-page","status-publish","hentry"],"_links":{"self":[{"href":"https:\/\/latinxtalktherapy.com\/es\/wp-json\/wp\/v2\/pages\/13993","targetHints":{"allow":["GET"]}}],"collection":[{"href":"https:\/\/latinxtalktherapy.com\/es\/wp-json\/wp\/v2\/pages"}],"about":[{"href":"https:\/\/latinxtalktherapy.com\/es\/wp-json\/wp\/v2\/types\/page"}],"author":[{"embeddable":true,"href":"https:\/\/latinxtalktherapy.com\/es\/wp-json\/wp\/v2\/users\/3"}],"replies":[{"embeddable":true,"href":"https:\/\/latinxtalktherapy.com\/es\/wp-json\/wp\/v2\/comments?post=13993"}],"version-history":[{"count":1,"href":"https:\/\/latinxtalktherapy.com\/es\/wp-json\/wp\/v2\/pages\/13993\/revisions"}],"predecessor-version":[{"id":13994,"href":"https:\/\/latinxtalktherapy.com\/es\/wp-json\/wp\/v2\/pages\/13993\/revisions\/13994"}],"wp:attachment":[{"href":"https:\/\/latinxtalktherapy.com\/es\/wp-json\/wp\/v2\/media?parent=13993"}],"curies":[{"name":"wp","href":"https:\/\/api.w.org\/{rel}","templated":true}]}}

<div data-elementor-type="wp-page" data-elementor-id="13993" class="elementor elementor-13993" data-elementor-post-type="page">
						<section class="elementor-section elementor-top-section elementor-element elementor-element-b0defaf elementor-section-stretched elementor-section-full_width elementor-section-height-default elementor-section-height-default" data-id="b0defaf" data-element_type="section" data-e-type="section" data-settings="{&quot;stretch_section&quot;:&quot;section-stretched&quot;,&quot;background_background&quot;:&quot;classic&quot;}">
						<div class="elementor-container elementor-column-gap-no">
					<div class="elementor-column elementor-col-100 elementor-top-column elementor-element elementor-element-5d175c7" data-id="5d175c7" data-element_type="column" data-e-type="column" data-settings="{&quot;background_background&quot;:&quot;classic&quot;}">
			<div class="elementor-widget-wrap">
							</div>
		</div>
					</div>
		</section>
				<section class="elementor-section elementor-top-section elementor-element elementor-element-58ee682 elementor-section-boxed elementor-section-height-default elementor-section-height-default" data-id="58ee682" data-element_type="section" data-e-type="section">
						<div class="elementor-container elementor-column-gap-default">
					<div class="elementor-column elementor-col-100 elementor-top-column elementor-element elementor-element-23508ed" data-id="23508ed" data-element_type="column" data-e-type="column">
			<div class="elementor-widget-wrap elementor-element-populated">
						<div class="elementor-element elementor-element-41ba507 elementor-widget elementor-widget-heading" data-id="41ba507" data-element_type="widget" data-e-type="widget" data-widget_type="heading.default">
				<div class="elementor-widget-container">
					<h1 class="elementor-heading-title elementor-size-default">Apoyo a la Comunidad Latinx a través de una Atención de Salud Mental Culturalmente Informada
</h1>				</div>
				</div>
				<div class="elementor-element elementor-element-57bf3a6 elementor-widget elementor-widget-heading" data-id="57bf3a6" data-element_type="widget" data-e-type="widget" data-widget_type="heading.default">
				<div class="elementor-widget-container">
					<h2 class="elementor-heading-title elementor-size-default">Infórmate sobre mí y cómo puedo ayudarte
</h2>				</div>
				</div>
					</div>
		</div>
					</div>
		</section>
				<section class="elementor-section elementor-top-section elementor-element elementor-element-0486c0d elementor-section-boxed elementor-section-height-default elementor-section-height-default" data-id="0486c0d" data-element_type="section" data-e-type="section" data-settings="{&quot;background_background&quot;:&quot;classic&quot;}">
						<div class="elementor-container elementor-column-gap-default">
					<div class="elementor-column elementor-col-100 elementor-top-column elementor-element elementor-element-3e196d66" data-id="3e196d66" data-element_type="column" data-e-type="column" data-settings="{&quot;background_background&quot;:&quot;classic&quot;}">
			<div class="elementor-widget-wrap elementor-element-populated">
						<div class="elementor-element elementor-element-55dd97d7 elementor-widget elementor-widget-image" data-id="55dd97d7" data-element_type="widget" data-e-type="widget" data-widget_type="image.default">
				<div class="elementor-widget-container">
															<img fetchpriority="high" decoding="async" width="800" height="800" src="https://latinxtalktherapy.com/wp-content/uploads/Marlen-Granados-1.jpg" class="attachment-full size-full wp-image-13901" alt="" srcset="https://latinxtalktherapy.com/wp-content/uploads/Marlen-Granados-1.jpg 800w, https://latinxtalktherapy.com/wp-content/uploads/Marlen-Granados-1-300x300.jpg 300w, https://latinxtalktherapy.com/wp-content/uploads/Marlen-Granados-1-150x150.jpg 150w, https://latinxtalktherapy.com/wp-content/uploads/Marlen-Granados-1-768x768.jpg 768w, https://latinxtalktherapy.com/wp-content/uploads/Marlen-Granados-1-12x12.jpg 12w" sizes="(max-width: 800px) 100vw, 800px" />															</div>
				</div>
				<div class="elementor-element elementor-element-256cd4a8 elementor-widget elementor-widget-heading" data-id="256cd4a8" data-element_type="widget" data-e-type="widget" data-widget_type="heading.default">
				<div class="elementor-widget-container">
					<h2 class="elementor-heading-title elementor-size-default">Marlen Granados, Becaria</h2>				</div>
				</div>
				<div class="elementor-element elementor-element-7fcfc74 elementor-widget elementor-widget-heading" data-id="7fcfc74" data-element_type="widget" data-e-type="widget" data-widget_type="heading.default">
				<div class="elementor-widget-container">
					<h2 class="elementor-heading-title elementor-size-default">Psicoterapeuta bilingüe</h2>				</div>
				</div>
				<div class="elementor-element elementor-element-1d0b51ee elementor-widget elementor-widget-text-editor" data-id="1d0b51ee" data-element_type="widget" data-e-type="widget" data-widget_type="text-editor.default">
				<div class="elementor-widget-container">
									<p>¡Hola! Me llamo Marlen Granados (ella/ella/ella), y soy psicoterapeuta bilingüe en Latinx Talk Therapy. Mi enfoque de la terapia está centrado en la persona, lo que significa que me centro en cuidarte como individuo, utilizando la empatía, la consideración positiva incondicional y la congruencia para fomentar el crecimiento personal. También incorporo la Terapia Cognitivo-Conductual (TCC) para ayudar a replantear los pensamientos, las emociones y los comportamientos desde una perspectiva más positiva. Mi objetivo es crear un espacio en el que te sientas seguro, comprendido y capacitado para afrontar los retos de la vida.<br>No tienes por qué enfrentarte solo a las luchas de la vida. Mi experiencia profesional incluye el trabajo con clientes en atención residencial de salud mental, donde he apoyado el crecimiento emocional, social e individualizado mediante intervenciones clínicas y el establecimiento de objetivos. Tanto si te enfrentas a la depresión, la ansiedad, el trauma o los retos de la aculturación, estoy aquí para ayudarte a encontrar el equilibrio y la curación. Juntos, trabajaremos a través de estas experiencias, centrándonos en el crecimiento y el bienestar.       </p>								</div>
				</div>
					</div>
		</div>
					</div>
		</section>
				<section class="elementor-section elementor-top-section elementor-element elementor-element-098997b elementor-section-boxed elementor-section-height-default elementor-section-height-default" data-id="098997b" data-element_type="section" data-e-type="section">
						<div class="elementor-container elementor-column-gap-default">
					<div class="elementor-column elementor-col-100 elementor-top-column elementor-element elementor-element-3e2f428" data-id="3e2f428" data-element_type="column" data-e-type="column">
			<div class="elementor-widget-wrap elementor-element-populated">
						<div class="elementor-element elementor-element-9709189 elementor-align-center elementor-mobile-align-start animated-slow elementor-icon-list--layout-traditional elementor-list-item-link-full_width elementor-invisible elementor-widget elementor-widget-icon-list" data-id="9709189" data-element_type="widget" data-e-type="widget" data-settings="{&quot;_animation&quot;:&quot;fadeInLeft&quot;}" data-widget_type="icon-list.default">
				<div class="elementor-widget-container">
							<ul class="elementor-icon-list-items">
							<li class="elementor-icon-list-item">
											<span class="elementor-icon-list-icon">
							<i aria-hidden="true" class="fas fa-check"></i>						</span>
										<span class="elementor-icon-list-text">Me reúno con los clientes <span style="color: #9b7c8c"><strong>en persona</strong></span> y <span style="color: #9b7c8c"><strong>virtualmente</strong></span>.</span>
									</li>
						</ul>
						</div>
				</div>
				<div class="elementor-element elementor-element-513c701 elementor-widget elementor-widget-heading" data-id="513c701" data-element_type="widget" data-e-type="widget" data-widget_type="heading.default">
				<div class="elementor-widget-container">
					<h2 class="elementor-heading-title elementor-size-default">No tienes que afrontar tus luchas solo, estoy aquí para ayudarte
</h2>				</div>
				</div>
				<div class="elementor-element elementor-element-c14a92b elementor-widget elementor-widget-text-editor" data-id="c14a92b" data-element_type="widget" data-e-type="widget" data-widget_type="text-editor.default">
				<div class="elementor-widget-container">
									<p>Al crecer en el South Side de Chicago como latina mexicoamericana de primera generación, aprendí resiliencia de mi familia y mi comunidad. Llevo esa fortaleza a nuestras sesiones, ofreciéndote un espacio en el que puedas explorar tus emociones, experiencias y objetivos en un entorno de apoyo y empoderamiento. Tanto si te sientes abrumado por el estrés como si tienes problemas de salud mental, estoy aquí para guiarte en tu viaje hacia la curación.  </p>								</div>
				</div>
				<div class="elementor-element elementor-element-e602d1f elementor-widget elementor-widget-heading" data-id="e602d1f" data-element_type="widget" data-e-type="widget" data-widget_type="heading.default">
				<div class="elementor-widget-container">
					<h2 class="elementor-heading-title elementor-size-default">Conoce un poco más sobre mí</h2>				</div>
				</div>
				<div class="elementor-element elementor-element-5c57a66 elementor-widget elementor-widget-text-editor" data-id="5c57a66" data-element_type="widget" data-e-type="widget" data-widget_type="text-editor.default">
				<div class="elementor-widget-container">
									<p>Me crié en Brighton Park y siempre he sentido curiosidad por cómo el mundo que nos rodea moldea nuestro desarrollo emocional y social. Creo que todos procedemos de distintos ámbitos de la vida, y mi objetivo como terapeuta es crear un espacio que te resulte seguro y fortalecedor. Fuera de mi trabajo, me apasionan las alegrías sencillas de la vida: la naturaleza, la música y la buena comida. Aporto mi personalidad aventurera, ingeniosa y habladora a las sesiones, creando un entorno abierto y atractivo.   </p>								</div>
				</div>
				<div class="elementor-element elementor-element-bfc11be elementor-widget elementor-widget-heading" data-id="bfc11be" data-element_type="widget" data-e-type="widget" data-widget_type="heading.default">
				<div class="elementor-widget-container">
					<h2 class="elementor-heading-title elementor-size-default">Mis especialidades</h2>				</div>
				</div>
				<div class="elementor-element elementor-element-edf0638 elementor-widget elementor-widget-text-editor" data-id="edf0638" data-element_type="widget" data-e-type="widget" data-widget_type="text-editor.default">
				<div class="elementor-widget-container">
									<p>Me especializo en trabajar con la población latina, centrándome en problemas de aculturación, adaptación familiar y profesional, problemas de apego y trauma. También ofrezco tratamiento para la depresión, la ansiedad, el estrés, el equilibrio entre la vida laboral y personal, y las relaciones. </p>								</div>
				</div>
					</div>
		</div>
					</div>
		</section>
				</div>

<p>Apoyo a la Comunidad Latinx a través de una Atención de Salud Mental Culturalmente Informada Infórmate sobre mí y cómo puedo ayudarte Marlen Granados, Becaria Psicoterapeuta bilingüe ¡Hola! Me llamo Marlen Granados (ella/ella/ella), y soy psicoterapeuta bilingüe en Latinx Talk Therapy. Mi enfoque de la terapia está centrado en la persona, lo que significa que [&hellip;]</p>
