{"id":13991,"date":"2024-09-11T13:54:49","date_gmt":"2024-09-11T18:54:49","guid":{"rendered":"https:\/\/latinxtalktherapy.com\/daniela-vazquez-becaria\/"},"modified":"2025-06-12T09:59:03","modified_gmt":"2025-06-12T14:59:03","slug":"daniela-vazquez-becaria","status":"publish","type":"page","link":"https:\/\/latinxtalktherapy.com\/es\/daniela-vazquez-becaria\/","title":{"rendered":"Daniela V\u00e1zquez, Becaria"},"content":{"rendered":"\t\t<div data-elementor-type=\"wp-page\" data-elementor-id=\"13991\" class=\"elementor elementor-13991\" data-elementor-post-type=\"page\">\n\t\t\t\t\t\t<section class=\"elementor-section elementor-top-section elementor-element elementor-element-b0defaf elementor-section-stretched elementor-section-full_width elementor-section-height-default elementor-section-height-default\" data-id=\"b0defaf\" data-element_type=\"section\" data-e-type=\"section\" data-settings=\"{&quot;stretch_section&quot;:&quot;section-stretched&quot;,&quot;background_background&quot;:&quot;classic&quot;}\">\n\t\t\t\t\t\t<div class=\"elementor-container elementor-column-gap-no\">\n\t\t\t\t\t<div class=\"elementor-column elementor-col-100 elementor-top-column elementor-element elementor-element-5d175c7\" data-id=\"5d175c7\" data-element_type=\"column\" data-e-type=\"column\" data-settings=\"{&quot;background_background&quot;:&quot;classic&quot;}\">\n\t\t\t<div class=\"elementor-widget-wrap\">\n\t\t\t\t\t\t\t<\/div>\n\t\t<\/div>\n\t\t\t\t\t<\/div>\n\t\t<\/section>\n\t\t\t\t<section class=\"elementor-section elementor-top-section elementor-element elementor-element-58ee682 elementor-section-boxed elementor-section-height-default elementor-section-height-default\" data-id=\"58ee682\" data-element_type=\"section\" data-e-type=\"section\">\n\t\t\t\t\t\t<div class=\"elementor-container elementor-column-gap-default\">\n\t\t\t\t\t<div class=\"elementor-column elementor-col-100 elementor-top-column elementor-element elementor-element-23508ed\" data-id=\"23508ed\" data-element_type=\"column\" data-e-type=\"column\">\n\t\t\t<div class=\"elementor-widget-wrap elementor-element-populated\">\n\t\t\t\t\t\t<div class=\"elementor-element elementor-element-41ba507 elementor-widget elementor-widget-heading\" data-id=\"41ba507\" data-element_type=\"widget\" data-e-type=\"widget\" data-widget_type=\"heading.default\">\n\t\t\t\t<div class=\"elementor-widget-container\">\n\t\t\t\t\t<h1 class=\"elementor-heading-title elementor-size-default\">Apoyo a la Comunidad Latinx a trav\u00e9s de Atenci\u00f3n de Salud Mental Culturalmente Informada\n<\/h1>\t\t\t\t<\/div>\n\t\t\t\t<\/div>\n\t\t\t\t<div class=\"elementor-element elementor-element-57bf3a6 elementor-widget elementor-widget-heading\" data-id=\"57bf3a6\" data-element_type=\"widget\" data-e-type=\"widget\" data-widget_type=\"heading.default\">\n\t\t\t\t<div class=\"elementor-widget-container\">\n\t\t\t\t\t<h2 class=\"elementor-heading-title elementor-size-default\">Inf\u00f3rmate sobre m\u00ed y c\u00f3mo puedo ayudarte\n<\/h2>\t\t\t\t<\/div>\n\t\t\t\t<\/div>\n\t\t\t\t\t<\/div>\n\t\t<\/div>\n\t\t\t\t\t<\/div>\n\t\t<\/section>\n\t\t\t\t<section class=\"elementor-section elementor-top-section elementor-element elementor-element-0486c0d elementor-section-boxed elementor-section-height-default elementor-section-height-default\" data-id=\"0486c0d\" data-element_type=\"section\" data-e-type=\"section\" data-settings=\"{&quot;background_background&quot;:&quot;classic&quot;}\">\n\t\t\t\t\t\t<div class=\"elementor-container elementor-column-gap-default\">\n\t\t\t\t\t<div class=\"elementor-column elementor-col-100 elementor-top-column elementor-element elementor-element-3e196d66\" data-id=\"3e196d66\" data-element_type=\"column\" data-e-type=\"column\" data-settings=\"{&quot;background_background&quot;:&quot;classic&quot;}\">\n\t\t\t<div class=\"elementor-widget-wrap elementor-element-populated\">\n\t\t\t\t\t\t<div class=\"elementor-element elementor-element-55dd97d7 elementor-widget elementor-widget-image\" data-id=\"55dd97d7\" data-element_type=\"widget\" data-e-type=\"widget\" data-widget_type=\"image.default\">\n\t\t\t\t<div class=\"elementor-widget-container\">\n\t\t\t\t\t\t\t\t\t\t\t\t\t\t\t<img fetchpriority=\"high\" decoding=\"async\" width=\"800\" height=\"800\" src=\"https:\/\/latinxtalktherapy.com\/wp-content\/uploads\/Danielas-Headshot-1.jpg\" class=\"attachment-full size-full wp-image-13899\" alt=\"\" srcset=\"https:\/\/latinxtalktherapy.com\/wp-content\/uploads\/Danielas-Headshot-1.jpg 800w, https:\/\/latinxtalktherapy.com\/wp-content\/uploads\/Danielas-Headshot-1-300x300.jpg 300w, https:\/\/latinxtalktherapy.com\/wp-content\/uploads\/Danielas-Headshot-1-150x150.jpg 150w, https:\/\/latinxtalktherapy.com\/wp-content\/uploads\/Danielas-Headshot-1-768x768.jpg 768w, https:\/\/latinxtalktherapy.com\/wp-content\/uploads\/Danielas-Headshot-1-12x12.jpg 12w\" sizes=\"(max-width: 800px) 100vw, 800px\" \/>\t\t\t\t\t\t\t\t\t\t\t\t\t\t\t<\/div>\n\t\t\t\t<\/div>\n\t\t\t\t<div class=\"elementor-element elementor-element-256cd4a8 elementor-widget elementor-widget-heading\" data-id=\"256cd4a8\" data-element_type=\"widget\" data-e-type=\"widget\" data-widget_type=\"heading.default\">\n\t\t\t\t<div class=\"elementor-widget-container\">\n\t\t\t\t\t<h2 class=\"elementor-heading-title elementor-size-default\"><br>Daniela V\u00e1zquez, Interna<\/h2>\t\t\t\t<\/div>\n\t\t\t\t<\/div>\n\t\t\t\t<div class=\"elementor-element elementor-element-7fcfc74 elementor-widget elementor-widget-heading\" data-id=\"7fcfc74\" data-element_type=\"widget\" data-e-type=\"widget\" data-widget_type=\"heading.default\">\n\t\t\t\t<div class=\"elementor-widget-container\">\n\t\t\t\t\t<h2 class=\"elementor-heading-title elementor-size-default\">Psicoterapeuta biling\u00fce<\/h2>\t\t\t\t<\/div>\n\t\t\t\t<\/div>\n\t\t\t\t<div class=\"elementor-element elementor-element-1d0b51ee elementor-widget elementor-widget-text-editor\" data-id=\"1d0b51ee\" data-element_type=\"widget\" data-e-type=\"widget\" data-widget_type=\"text-editor.default\">\n\t\t\t\t<div class=\"elementor-widget-container\">\n\t\t\t\t\t\t\t\t\t<p>Saludos, soy Daniela V\u00e1zquez, una psicoterapeuta biling\u00fce dedicada a apoyar a la comunidad Latinx en sus trayectorias de salud mental. Nac\u00ed en Chihuahua, M\u00e9xico, y crec\u00ed en Ciudad Ju\u00e1rez, por lo que comprendo la importancia de la familia, la cultura y la resiliencia. Creo en la creaci\u00f3n de un espacio donde usted se sienta verdaderamente visto, escuchado y valorado. Mi enfoque combina la Terapia Cognitivo-Conductual, el m\u00e9todo Centrado en la Persona y el Human\u00edstico, pero lo m\u00e1s importante es que est\u00e1 adaptado a <em>usted<\/em>: sus necesidades, su historia y su camino hacia la sanaci\u00f3n.<br>Soy consciente de que buscar apoyo no es f\u00e1cil, especialmente con los desaf\u00edos culturales que enfrentamos en la comunidad Latinx. Ya sea ansiedad, depresi\u00f3n, duelo, trauma o cualquier otra situaci\u00f3n que le resulte abrumadora, estoy aqu\u00ed para acompa\u00f1arle. Juntos, exploraremos sus emociones, descubriremos las causas fundamentales de sus desaf\u00edos y trabajaremos hacia la sanaci\u00f3n de una manera que se sienta aut\u00e9ntica para usted. Mi objetivo es ayudarle a desarrollar las herramientas y la autocompasi\u00f3n que necesita para avanzar.      <\/p>\t\t\t\t\t\t\t\t<\/div>\n\t\t\t\t<\/div>\n\t\t\t\t\t<\/div>\n\t\t<\/div>\n\t\t\t\t\t<\/div>\n\t\t<\/section>\n\t\t\t\t<section class=\"elementor-section elementor-top-section elementor-element elementor-element-098997b elementor-section-boxed elementor-section-height-default elementor-section-height-default\" data-id=\"098997b\" data-element_type=\"section\" data-e-type=\"section\">\n\t\t\t\t\t\t<div class=\"elementor-container elementor-column-gap-default\">\n\t\t\t\t\t<div class=\"elementor-column elementor-col-100 elementor-top-column elementor-element elementor-element-3e2f428\" data-id=\"3e2f428\" data-element_type=\"column\" data-e-type=\"column\">\n\t\t\t<div class=\"elementor-widget-wrap elementor-element-populated\">\n\t\t\t\t\t\t<div class=\"elementor-element elementor-element-9709189 elementor-align-center elementor-mobile-align-start animated-slow elementor-icon-list--layout-traditional elementor-list-item-link-full_width elementor-invisible elementor-widget elementor-widget-icon-list\" data-id=\"9709189\" data-element_type=\"widget\" data-e-type=\"widget\" data-settings=\"{&quot;_animation&quot;:&quot;fadeInLeft&quot;}\" data-widget_type=\"icon-list.default\">\n\t\t\t\t<div class=\"elementor-widget-container\">\n\t\t\t\t\t\t\t<ul class=\"elementor-icon-list-items\">\n\t\t\t\t\t\t\t<li class=\"elementor-icon-list-item\">\n\t\t\t\t\t\t\t\t\t\t\t<span class=\"elementor-icon-list-icon\">\n\t\t\t\t\t\t\t<i aria-hidden=\"true\" class=\"fas fa-check\"><\/i>\t\t\t\t\t\t<\/span>\n\t\t\t\t\t\t\t\t\t\t<span class=\"elementor-icon-list-text\">Me re\u00fano con los clientes <span style=\"color: #9b7c8c\"><strong>en persona<\/strong><\/span> y <span style=\"color: #9b7c8c\"><strong>virtualmente<\/strong><\/span>.<\/span>\n\t\t\t\t\t\t\t\t\t<\/li>\n\t\t\t\t\t\t<\/ul>\n\t\t\t\t\t\t<\/div>\n\t\t\t\t<\/div>\n\t\t\t\t<div class=\"elementor-element elementor-element-513c701 elementor-widget elementor-widget-heading\" data-id=\"513c701\" data-element_type=\"widget\" data-e-type=\"widget\" data-widget_type=\"heading.default\">\n\t\t\t\t<div class=\"elementor-widget-container\">\n\t\t\t\t\t<h2 class=\"elementor-heading-title elementor-size-default\">No tienes que afrontar tus luchas solo, estoy aqu\u00ed para ayudarte\n<\/h2>\t\t\t\t<\/div>\n\t\t\t\t<\/div>\n\t\t\t\t<div class=\"elementor-element elementor-element-c14a92b elementor-widget elementor-widget-text-editor\" data-id=\"c14a92b\" data-element_type=\"widget\" data-e-type=\"widget\" data-widget_type=\"text-editor.default\">\n\t\t\t\t<div class=\"elementor-widget-container\">\n\t\t\t\t\t\t\t\t\t<p>La vida puede ser dura, pero no tienes por qu\u00e9 pasar por ella sola. En nuestras sesiones, crearemos un espacio en el que puedas sentirte segura para expresar cualquier emoci\u00f3n que surja, ya sea tristeza, frustraci\u00f3n, alivio o esperanza. Todos los sentimientos son v\u00e1lidos, y yo estar\u00e9 aqu\u00ed para ofrecerte apoyo, comprensi\u00f3n y orientaci\u00f3n en cada paso del camino. Juntos encontraremos formas de ayudarte a navegar por los altibajos de la vida con mayor fuerza y claridad.   <\/p>\t\t\t\t\t\t\t\t<\/div>\n\t\t\t\t<\/div>\n\t\t\t\t<div class=\"elementor-element elementor-element-e602d1f elementor-widget elementor-widget-heading\" data-id=\"e602d1f\" data-element_type=\"widget\" data-e-type=\"widget\" data-widget_type=\"heading.default\">\n\t\t\t\t<div class=\"elementor-widget-container\">\n\t\t\t\t\t<h2 class=\"elementor-heading-title elementor-size-default\">Conoce un poco m\u00e1s sobre m\u00ed<\/h2>\t\t\t\t<\/div>\n\t\t\t\t<\/div>\n\t\t\t\t<div class=\"elementor-element elementor-element-5c57a66 elementor-widget elementor-widget-text-editor\" data-id=\"5c57a66\" data-element_type=\"widget\" data-e-type=\"widget\" data-widget_type=\"text-editor.default\">\n\t\t\t\t<div class=\"elementor-widget-container\">\n\t\t\t\t\t\t\t\t\t<p>Crec\u00ed en un mundo biling\u00fce, dividiendo mi tiempo entre Ju\u00e1rez, M\u00e9xico, y la ciudad fronteriza de El Paso, Texas. Esta rica mezcla cultural ha dado forma a quien soy hoy, proporcion\u00e1ndome un profundo aprecio por la diversidad y la inclusividad. Trasladarme a Chicago en 2021 marc\u00f3 un nuevo cap\u00edtulo en mi vida, que me permiti\u00f3 crecer tanto personal como profesionalmente. Como inmigrante, comprendo los retos del cambio, y aporto esa empat\u00eda a mi trabajo con los clientes.   <\/p>\t\t\t\t\t\t\t\t<\/div>\n\t\t\t\t<\/div>\n\t\t\t\t<div class=\"elementor-element elementor-element-bfc11be elementor-widget elementor-widget-heading\" data-id=\"bfc11be\" data-element_type=\"widget\" data-e-type=\"widget\" data-widget_type=\"heading.default\">\n\t\t\t\t<div class=\"elementor-widget-container\">\n\t\t\t\t\t<h2 class=\"elementor-heading-title elementor-size-default\">Mis especialidades<\/h2>\t\t\t\t<\/div>\n\t\t\t\t<\/div>\n\t\t\t\t<div class=\"elementor-element elementor-element-edf0638 elementor-widget elementor-widget-text-editor\" data-id=\"edf0638\" data-element_type=\"widget\" data-e-type=\"widget\" data-widget_type=\"text-editor.default\">\n\t\t\t\t<div class=\"elementor-widget-container\">\n\t\t\t\t\t\t\t\t\t<p>Me apasiona apoyar a individuos, parejas y familias cuando se enfrentan al estr\u00e9s, la ansiedad, el duelo, el trauma y los retos del neurodesarrollo. No importa por lo que est\u00e9s pasando, estoy aqu\u00ed para ayudarte a encontrar la curaci\u00f3n y el crecimiento. <\/p>\t\t\t\t\t\t\t\t<\/div>\n\t\t\t\t<\/div>\n\t\t\t\t\t<\/div>\n\t\t<\/div>\n\t\t\t\t\t<\/div>\n\t\t<\/section>\n\t\t\t\t<\/div>\n\t\t","protected":false},"excerpt":{"rendered":"<p>Apoyo a la Comunidad Latinx a trav\u00e9s de Atenci\u00f3n de Salud Mental Culturalmente Informada Inf\u00f3rmate sobre m\u00ed y c\u00f3mo puedo ayudarte Daniela V\u00e1zquez, Interna Psicoterapeuta biling\u00fce Saludos, soy Daniela V\u00e1zquez, una psicoterapeuta biling\u00fce dedicada a apoyar a la comunidad Latinx en sus trayectorias de salud mental. Nac\u00ed en Chihuahua, M\u00e9xico, y crec\u00ed en Ciudad Ju\u00e1rez, [&hellip;]<\/p>\n","protected":false},"author":3,"featured_media":0,"parent":0,"menu_order":0,"comment_status":"closed","ping_status":"closed","template":"","meta":{"footnotes":""},"class_list":["post-13991","page","type-page","status-publish","hentry"],"_links":{"self":[{"href":"https:\/\/latinxtalktherapy.com\/es\/wp-json\/wp\/v2\/pages\/13991","targetHints":{"allow":["GET"]}}],"collection":[{"href":"https:\/\/latinxtalktherapy.com\/es\/wp-json\/wp\/v2\/pages"}],"about":[{"href":"https:\/\/latinxtalktherapy.com\/es\/wp-json\/wp\/v2\/types\/page"}],"author":[{"embeddable":true,"href":"https:\/\/latinxtalktherapy.com\/es\/wp-json\/wp\/v2\/users\/3"}],"replies":[{"embeddable":true,"href":"https:\/\/latinxtalktherapy.com\/es\/wp-json\/wp\/v2\/comments?post=13991"}],"version-history":[{"count":2,"href":"https:\/\/latinxtalktherapy.com\/es\/wp-json\/wp\/v2\/pages\/13991\/revisions"}],"predecessor-version":[{"id":515977,"href":"https:\/\/latinxtalktherapy.com\/es\/wp-json\/wp\/v2\/pages\/13991\/revisions\/515977"}],"wp:attachment":[{"href":"https:\/\/latinxtalktherapy.com\/es\/wp-json\/wp\/v2\/media?parent=13991"}],"curies":[{"name":"wp","href":"https:\/\/api.w.org\/{rel}","templated":true}]}}

Daniela Vázquez, Becaria

<div data-elementor-type="wp-page" data-elementor-id="13991" class="elementor elementor-13991" data-elementor-post-type="page">
						<section class="elementor-section elementor-top-section elementor-element elementor-element-b0defaf elementor-section-stretched elementor-section-full_width elementor-section-height-default elementor-section-height-default" data-id="b0defaf" data-element_type="section" data-e-type="section" data-settings="{&quot;stretch_section&quot;:&quot;section-stretched&quot;,&quot;background_background&quot;:&quot;classic&quot;}">
						<div class="elementor-container elementor-column-gap-no">
					<div class="elementor-column elementor-col-100 elementor-top-column elementor-element elementor-element-5d175c7" data-id="5d175c7" data-element_type="column" data-e-type="column" data-settings="{&quot;background_background&quot;:&quot;classic&quot;}">
			<div class="elementor-widget-wrap">
							</div>
		</div>
					</div>
		</section>
				<section class="elementor-section elementor-top-section elementor-element elementor-element-58ee682 elementor-section-boxed elementor-section-height-default elementor-section-height-default" data-id="58ee682" data-element_type="section" data-e-type="section">
						<div class="elementor-container elementor-column-gap-default">
					<div class="elementor-column elementor-col-100 elementor-top-column elementor-element elementor-element-23508ed" data-id="23508ed" data-element_type="column" data-e-type="column">
			<div class="elementor-widget-wrap elementor-element-populated">
						<div class="elementor-element elementor-element-41ba507 elementor-widget elementor-widget-heading" data-id="41ba507" data-element_type="widget" data-e-type="widget" data-widget_type="heading.default">
				<div class="elementor-widget-container">
					<h1 class="elementor-heading-title elementor-size-default">Apoyo a la Comunidad Latinx a través de Atención de Salud Mental Culturalmente Informada
</h1>				</div>
				</div>
				<div class="elementor-element elementor-element-57bf3a6 elementor-widget elementor-widget-heading" data-id="57bf3a6" data-element_type="widget" data-e-type="widget" data-widget_type="heading.default">
				<div class="elementor-widget-container">
					<h2 class="elementor-heading-title elementor-size-default">Infórmate sobre mí y cómo puedo ayudarte
</h2>				</div>
				</div>
					</div>
		</div>
					</div>
		</section>
				<section class="elementor-section elementor-top-section elementor-element elementor-element-0486c0d elementor-section-boxed elementor-section-height-default elementor-section-height-default" data-id="0486c0d" data-element_type="section" data-e-type="section" data-settings="{&quot;background_background&quot;:&quot;classic&quot;}">
						<div class="elementor-container elementor-column-gap-default">
					<div class="elementor-column elementor-col-100 elementor-top-column elementor-element elementor-element-3e196d66" data-id="3e196d66" data-element_type="column" data-e-type="column" data-settings="{&quot;background_background&quot;:&quot;classic&quot;}">
			<div class="elementor-widget-wrap elementor-element-populated">
						<div class="elementor-element elementor-element-55dd97d7 elementor-widget elementor-widget-image" data-id="55dd97d7" data-element_type="widget" data-e-type="widget" data-widget_type="image.default">
				<div class="elementor-widget-container">
															<img fetchpriority="high" decoding="async" width="800" height="800" src="https://latinxtalktherapy.com/wp-content/uploads/Danielas-Headshot-1.jpg" class="attachment-full size-full wp-image-13899" alt="" srcset="https://latinxtalktherapy.com/wp-content/uploads/Danielas-Headshot-1.jpg 800w, https://latinxtalktherapy.com/wp-content/uploads/Danielas-Headshot-1-300x300.jpg 300w, https://latinxtalktherapy.com/wp-content/uploads/Danielas-Headshot-1-150x150.jpg 150w, https://latinxtalktherapy.com/wp-content/uploads/Danielas-Headshot-1-768x768.jpg 768w, https://latinxtalktherapy.com/wp-content/uploads/Danielas-Headshot-1-12x12.jpg 12w" sizes="(max-width: 800px) 100vw, 800px" />															</div>
				</div>
				<div class="elementor-element elementor-element-256cd4a8 elementor-widget elementor-widget-heading" data-id="256cd4a8" data-element_type="widget" data-e-type="widget" data-widget_type="heading.default">
				<div class="elementor-widget-container">
					<h2 class="elementor-heading-title elementor-size-default"><br>Daniela Vázquez, Interna</h2>				</div>
				</div>
				<div class="elementor-element elementor-element-7fcfc74 elementor-widget elementor-widget-heading" data-id="7fcfc74" data-element_type="widget" data-e-type="widget" data-widget_type="heading.default">
				<div class="elementor-widget-container">
					<h2 class="elementor-heading-title elementor-size-default">Psicoterapeuta bilingüe</h2>				</div>
				</div>
				<div class="elementor-element elementor-element-1d0b51ee elementor-widget elementor-widget-text-editor" data-id="1d0b51ee" data-element_type="widget" data-e-type="widget" data-widget_type="text-editor.default">
				<div class="elementor-widget-container">
									<p>Saludos, soy Daniela Vázquez, una psicoterapeuta bilingüe dedicada a apoyar a la comunidad Latinx en sus trayectorias de salud mental. Nací en Chihuahua, México, y crecí en Ciudad Juárez, por lo que comprendo la importancia de la familia, la cultura y la resiliencia. Creo en la creación de un espacio donde usted se sienta verdaderamente visto, escuchado y valorado. Mi enfoque combina la Terapia Cognitivo-Conductual, el método Centrado en la Persona y el Humanístico, pero lo más importante es que está adaptado a <em>usted</em>: sus necesidades, su historia y su camino hacia la sanación.<br>Soy consciente de que buscar apoyo no es fácil, especialmente con los desafíos culturales que enfrentamos en la comunidad Latinx. Ya sea ansiedad, depresión, duelo, trauma o cualquier otra situación que le resulte abrumadora, estoy aquí para acompañarle. Juntos, exploraremos sus emociones, descubriremos las causas fundamentales de sus desafíos y trabajaremos hacia la sanación de una manera que se sienta auténtica para usted. Mi objetivo es ayudarle a desarrollar las herramientas y la autocompasión que necesita para avanzar.      </p>								</div>
				</div>
					</div>
		</div>
					</div>
		</section>
				<section class="elementor-section elementor-top-section elementor-element elementor-element-098997b elementor-section-boxed elementor-section-height-default elementor-section-height-default" data-id="098997b" data-element_type="section" data-e-type="section">
						<div class="elementor-container elementor-column-gap-default">
					<div class="elementor-column elementor-col-100 elementor-top-column elementor-element elementor-element-3e2f428" data-id="3e2f428" data-element_type="column" data-e-type="column">
			<div class="elementor-widget-wrap elementor-element-populated">
						<div class="elementor-element elementor-element-9709189 elementor-align-center elementor-mobile-align-start animated-slow elementor-icon-list--layout-traditional elementor-list-item-link-full_width elementor-invisible elementor-widget elementor-widget-icon-list" data-id="9709189" data-element_type="widget" data-e-type="widget" data-settings="{&quot;_animation&quot;:&quot;fadeInLeft&quot;}" data-widget_type="icon-list.default">
				<div class="elementor-widget-container">
							<ul class="elementor-icon-list-items">
							<li class="elementor-icon-list-item">
											<span class="elementor-icon-list-icon">
							<i aria-hidden="true" class="fas fa-check"></i>						</span>
										<span class="elementor-icon-list-text">Me reúno con los clientes <span style="color: #9b7c8c"><strong>en persona</strong></span> y <span style="color: #9b7c8c"><strong>virtualmente</strong></span>.</span>
									</li>
						</ul>
						</div>
				</div>
				<div class="elementor-element elementor-element-513c701 elementor-widget elementor-widget-heading" data-id="513c701" data-element_type="widget" data-e-type="widget" data-widget_type="heading.default">
				<div class="elementor-widget-container">
					<h2 class="elementor-heading-title elementor-size-default">No tienes que afrontar tus luchas solo, estoy aquí para ayudarte
</h2>				</div>
				</div>
				<div class="elementor-element elementor-element-c14a92b elementor-widget elementor-widget-text-editor" data-id="c14a92b" data-element_type="widget" data-e-type="widget" data-widget_type="text-editor.default">
				<div class="elementor-widget-container">
									<p>La vida puede ser dura, pero no tienes por qué pasar por ella sola. En nuestras sesiones, crearemos un espacio en el que puedas sentirte segura para expresar cualquier emoción que surja, ya sea tristeza, frustración, alivio o esperanza. Todos los sentimientos son válidos, y yo estaré aquí para ofrecerte apoyo, comprensión y orientación en cada paso del camino. Juntos encontraremos formas de ayudarte a navegar por los altibajos de la vida con mayor fuerza y claridad.   </p>								</div>
				</div>
				<div class="elementor-element elementor-element-e602d1f elementor-widget elementor-widget-heading" data-id="e602d1f" data-element_type="widget" data-e-type="widget" data-widget_type="heading.default">
				<div class="elementor-widget-container">
					<h2 class="elementor-heading-title elementor-size-default">Conoce un poco más sobre mí</h2>				</div>
				</div>
				<div class="elementor-element elementor-element-5c57a66 elementor-widget elementor-widget-text-editor" data-id="5c57a66" data-element_type="widget" data-e-type="widget" data-widget_type="text-editor.default">
				<div class="elementor-widget-container">
									<p>Crecí en un mundo bilingüe, dividiendo mi tiempo entre Juárez, México, y la ciudad fronteriza de El Paso, Texas. Esta rica mezcla cultural ha dado forma a quien soy hoy, proporcionándome un profundo aprecio por la diversidad y la inclusividad. Trasladarme a Chicago en 2021 marcó un nuevo capítulo en mi vida, que me permitió crecer tanto personal como profesionalmente. Como inmigrante, comprendo los retos del cambio, y aporto esa empatía a mi trabajo con los clientes.   </p>								</div>
				</div>
				<div class="elementor-element elementor-element-bfc11be elementor-widget elementor-widget-heading" data-id="bfc11be" data-element_type="widget" data-e-type="widget" data-widget_type="heading.default">
				<div class="elementor-widget-container">
					<h2 class="elementor-heading-title elementor-size-default">Mis especialidades</h2>				</div>
				</div>
				<div class="elementor-element elementor-element-edf0638 elementor-widget elementor-widget-text-editor" data-id="edf0638" data-element_type="widget" data-e-type="widget" data-widget_type="text-editor.default">
				<div class="elementor-widget-container">
									<p>Me apasiona apoyar a individuos, parejas y familias cuando se enfrentan al estrés, la ansiedad, el duelo, el trauma y los retos del neurodesarrollo. No importa por lo que estés pasando, estoy aquí para ayudarte a encontrar la curación y el crecimiento. </p>								</div>
				</div>
					</div>
		</div>
					</div>
		</section>
				</div>

<p>Apoyo a la Comunidad Latinx a través de Atención de Salud Mental Culturalmente Informada Infórmate sobre mí y cómo puedo ayudarte Daniela Vázquez, Interna Psicoterapeuta bilingüe Saludos, soy Daniela Vázquez, una psicoterapeuta bilingüe dedicada a apoyar a la comunidad Latinx en sus trayectorias de salud mental. Nací en Chihuahua, México, y crecí en Ciudad Juárez, [&hellip;]</p>
